t is the tens digit of z?
1
Let c(s) = s**3 - 6*s**2 + 5*s + 4. Let r be c(5). Suppose 0 = -r*p - 0*p + 16. Suppose 0*a - p*a = -68. What is the units digit of a?
7
Let w(a) = 5*a - 1. Let r be w(1). Suppose r*z - 2*z + p = 67, 41 = z - 2*p. Suppose 4*o = -3*k + z, 5*o + 4*k = 12 + 33. What is the units digit of o?
5
Let v(o) = 28*o + 61. What is the tens digit of v(2)?
1
Let a(r) = r**2 - 21*r + 211. What is the hundreds digit of a(29)?
4
Let p(n) = n**3 + 6*n**2 + 6*n - 4. Suppose 3*m - 36 = 7*m + 4*i, 5*m = -3*i - 37. Let q be p(m). What is the tens digit of (-3)/q*(40 + -1)?
1
Let q(z) = -96*z + 6. Let t be q(-1). Suppose -3*s + t = -s. What is the units digit of s?
1
Suppose -4516 = 13*t - 27266. What is the thousands digit of t?
1
Suppose -17 = -4*p - 0*c + c, -p + 18 = -3*c. Suppose 5*y = z - 19, 0 = p*z - 3*y - 18 - 3. Let t(b) = 2*b - 2. What is the units digit of t(z)?
6
Let g(t) = 5*t - 31 + 8*t + 7*t. What is the units digit of g(8)?
9
What is the tens digit of (76/20 - 3) + 11848/40?
9
Let t(r) = -10*r. Let o be t(-2). Let u = -45 + 34. Let v = u + o. What is the units digit of v?
9
Let f(r) = 4*r**2 + 3*r - 3. Let q be f(-7). Suppose -4*m + q = -68. What is the units digit of m?
0
Let z(i) be the second derivative of 29*i**4/24 + 5*i**3/6 + 11*i**2/2 + 4*i. Let g(o) be the first derivative of z(o). What is the units digit of g(2)?
3
Let x = -32 + 26. Let r be -1 + 6 + 1*-2. What is the units digit of (-256)/x - 2/r?
2
Let a(y) = y**2 - 2*y - 8. Let t be a(4). Suppose t = 3*f + 44 - 527. What is the hundreds digit of f?
1
Let w(a) = -7*a**3. Let f be w(-1). Let p(m) = -m + 3*m + 98 - 88. What is the tens digit of p(f)?
2
Suppose -3*r + 0*r + 15 = 5*a, r - 15 = -5*a. What is the units digit of ((r/3)/1)/(-2) + 68?
8
Let j be 4 + -2 - 4/2. Let b be (-1 + 2)*j/(-5). Suppose 4*y - 76 - 28 = b. What is the units digit of y?
6
Let o = -3 - 7. Let u be ((-8)/10)/(o/(-625)). Let v = u - -88. What is the tens digit of v?
3
Suppose 21 = 5*b - 9. Suppose 4*s = -2 + b, 5*q = 5*s + 185. What is the tens digit of q?
3
Let f(r) = 2*r**3 - 25*r**2 - 13*r + 25. What is the tens digit of f(13)?
2
Let o(v) = 30*v + 192. What is the units digit of o(8)?
2
What is the hundreds digit of 619 - (11 + 2*(-6 - -3))?
6
Let m be (-2 + 1)*1*35/(-7). Suppose 63 = -m*q + 1283. What is the units digit of q?
4
Let a = -233 + 243. Suppose 7*b - 2*b = 45. Let f = a - b. What is the units digit of f?
1
Let r = -1215 - -2200. What is the tens digit of r?
8
Suppose 4*r = -4, 3*o = 5*o - 4*r - 348. What is the units digit of o?
2
Let h(a) = a**2 + 5*a - 9. Let y(i) = 4*i - 4. Let g be y(4). What is the tens digit of h(g)?
9
Let c(h) = -h**3 - 2*h**2 + 4*h + 91. Let v be c(0). Suppose -4*o - 298 = 3*p - 6*p, 3*o + v = p. What is the units digit of p?
6
Suppose -m - 2616 = -3*i, 372 + 1361 = 2*i + 3*m. What is the tens digit of i?
7
Let s(z) = 5*z**2 - 1. Let p be s(1). Suppose -b = 2*m - 15, p*m + 11 - 56 = 3*b. What is the units digit of m?
9
What is the units digit of 48750/(-60)*3*6/(-9)?
5
Let s be (0 - 2) + -1 + 3. Suppose -3*n = -s*n - 201. What is the units digit of n?
7
Suppose 0*h = 4*h. Suppose -20*q + 24*q - 472 = h. What is the units digit of q?
8
Let v(m) = 1 + 34*m**2 - 3 + 2. Let y be v(1). Suppose -10 = -5*d, -3*z - 2*d + y = -87. What is the units digit of z?
9
Let w = -10 - -4. Let l be 14/(-21) + 104/w. What is the units digit of (-4)/l + (-1683)/(-81)?
1
What is the units digit of 2/((3/5118)/((-14)/(-28)))?
6
Let a = -3 - -4. Suppose 0 = 4*p - 13 + a. Suppose 4*n + 5*y = 55, -4*n = -p*y - 76 - 19. What is the tens digit of n?
2
Let v(x) = x**2 - 7*x + 48. Let c be -1 + 4/2 + 8. What is the tens digit of v(c)?
6
Let x be 18 + -9 + (0 - -4). Let y = x + -8. Suppose y*c - d = 170, -5*c + 0*c + 4*d = -170. What is the tens digit of c?
3
Suppose 10*g - 1650 = -15*g. What is the units digit of g?
6
Suppose 5*s - 610 = -k + 2065, -5*s + 2645 = -5*k. What is the units digit of s?
4
Let j be (-1)/(-14)*4 + 214/(-14). Let o = j + 115. What is the units digit of o?
0
Let y(u) be the first derivative of -7*u**2/2 - 29*u - 5. What is the units digit of y(-11)?
8
Let k(b) = 5*b - 5. Let t be k(6). Let p = -23 + t. Suppose 12 = -3*l + 5*a + 128, -3*l = p*a - 88. What is the units digit of l?
2
Suppose 2*v - 2*d - 91 = -251, -3*d = 3*v + 228. Suppose 15*z = 17*z - 244. Let n = z + v. What is the tens digit of n?
4
Let a = -20 - -20. Suppose 0 = -j - a + 2. What is the units digit of j?
2
Suppose 5*z + 3*i = 3154 + 13577, 4*i + 16752 = 5*z. What is the tens digit of z?
4
Let t = 1 - -37. Suppose -b - 4 = -0, w + 5*b = t. What is the units digit of w?
8
Suppose 2*q + 1 - 2 = c, -q = -2. Suppose 0*j + c*j + 6 = 0. Let i(n) = -n**2 - 3*n. What is the units digit of i(j)?
2
Suppose 0 = -h - 16*q + 12*q + 345, 1428 = 4*h + 4*q. What is the tens digit of h?
6
Suppose 1182 = 3*l - 3*q, -2*q + 1606 = -54*l + 58*l. What is the tens digit of l?
9
Suppose -4*h = 438 - 1058. What is the tens digit of h?
5
Let s(k) = -6*k**2 + 10*k + 16. Let q(x) = -5*x**2 + 10*x + 16. Let z(l) = -4*q(l) + 3*s(l). What is the units digit of z(8)?
2
Let z be (-14 + 12)/(2/29). Let c = 63 + z. What is the tens digit of c?
3
Let r(k) = -34*k + 20. Let x(t) = 36*t - 19. Let j(w) = 3*r(w) + 2*x(w). What is the tens digit of j(-7)?
3
Suppose 0 = 29*c - 24*c - 135. Suppose -c = -x - 4. What is the units digit of x?
3
Let c(t) = t**3 + 7*t**2 + 2*t + 11. Let u be c(-7). What is the units digit of u + 0 - (35/(-1) - -1)?
1
Let h(s) = -9*s**3 - 2*s**2 + s + 4. Let m be h(2). Let n = -40 - m. Let u = 51 - n. What is the units digit of u?
7
Let g be 235*1/(-2) + 6/12. Let z = 43 - g. What is the hundreds digit of z?
1
Let p be (24/4)/2 + -6. Let t(g) = -13*g - 2. What is the tens digit of t(p)?
3
Let y be (-568)/28 + (-4)/(-14). What is the tens digit of (-2 - 48/y)*30?
1
Suppose 5*z = 50 - 5. Suppose -z = -11*k + 2. What is the units digit of k?
1
Suppose 2*c - 530 = -m, 5*c - 2*c - m - 795 = 0. What is the tens digit of c?
6
Let z = -404 + 579. Suppose -5*x + z = 3*m, 5*x - 4*m = m + 215. What is the units digit of x?
8
Let n be 2/(-9) + 58*5/90. Suppose z + n*r = 115, -5*r + 418 + 167 = 5*z. What is the hundreds digit of z?
1
What is the units digit of -153*10/(-60)*(1 - -17)?
9
What is the units digit of 455 - ((-3)/(-12) + 49/28)?
3
Let b(p) = p**2 + 2*p + 42. Let d(t) = -t**3 + 2*t**2 - 2*t - 8. Let q be d(0). Let i be q/20 - 4/(-10). What is the tens digit of b(i)?
4
Suppose 0 = -3*t - 0*t - 12. Let k be 2/t - 6/12. What is the units digit of -1 - -1 - (-14 - k)?
3
Let f(l) = l**2 + 8*l - 11. Let d be f(-6). Let p = -16 - d. What is the units digit of p?
7
Let x(p) = p**2 + 23*p + 9. Let c be x(-23). Suppose 0 = -i - c + 12. What is the units digit of i?
3
Let p = -4 + -1. Let l(z) = z**2 + 5*z + 4. Let q be l(p). Suppose 2*j - 103 = -3*h - 2*j, -q*h + 5*j = -96. What is the tens digit of h?
2
Suppose 0 = 4*l + 3 + 45. Let q be 2 - -11 - l/(-4). Let s = q - -22. What is the units digit of s?
2
Let f = 29 + -26. Suppose -3*z - 32 = -0*v - 2*v, -f*z = -4*v + 64. Let q = v - 13. What is the units digit of q?
3
Suppose -o = 2*u - 325 + 35, 5*o - 1495 = 5*u. What is the units digit of o?
6
Suppose 2022 = 2*w + w - 4*h, 3*w - 3*h = 2022. What is the tens digit of w?
7
Let f(k) = -k**2 + 64*k + 46. What is the thousands digit of f(30)?
1
Let j(b) = -17*b**2 + 1. Let q be j(1). Let h be q/(-24)*(-6)/(-1). Suppose 0*o = -h*o + 12. What is the units digit of o?
3
Suppose -92 - 572 = -4*q - 4*h, q - 169 = -2*h. Suppose -4*r + 4*x - x = -q, 0 = -5*r - 3*x + 197. Suppose r = 3*k - 185. What is the tens digit of k?
7
Let f(a) = -a + 9. Let y = -44 - -23. What is the tens digit of f(y)?
3
Let z = -7 + 7. Let d be 1*(2 + (z - 2)). Suppose d = -3*w - 4*f + 55, -2*f - 2*f = -2*w + 10. What is the units digit of w?
3
Let r = -98 + 145. Let o = r - 88. Let y = 64 + o. What is the units digit of y?
3
Let f(w) = -2*w**3 - 9*w**2 + 19*w + 2. Let d be f(-8). Let s be (-4)/((-4)/(-1)) + 6. Suppose -3 = -3*a, 4*y + 3*a - d = s*a. What is the units digit of y?
5
Let z(m) = -570*m + 3. What is the hundreds digit of z(-2)?
1
What is the hundreds digit of (-10)/(-45) - (-6)/81*8394?
6
Suppose -2*r + 719 = 3*h - r, 4*r - 725 